-10001111000
In base 5, what is 10 + 1030?
1040
In base 15, what is -1 - -11?
10
In base 6, what is -205202 + -4?
-205210
In base 5, what is -224412 - 0?
-224412
In base 3, what is -11 + 120010?
112222
In base 4, what is -2 + -2333?
-3001
In base 14, what is -b66 - -14?
-b52
In base 2, what is 100110 - 101?
100001
In base 7, what is 13200 - -1?
13201
In base 14, what is 2 + 1d?
21
In base 8, what is 76 + 5?
103
In base 4, what is -2 - -10102?
10100
In base 6, what is 110 + 24?
134
In base 9, what is 376 + 2?
378
In base 2, what is -100001100100 + 1?
-100001100011
In base 12, what is 5 + 9?
12
In base 3, what is 2021212 + -12?
2021200
In base 10, what is 12 - -424?
436
In base 16, what is -e - -296?
288
In base 5, what is -13 - -3033?
3020
In base 9, what is 23 - -201?
224
In base 10, what is -4 - -68?
64
In base 4, what is 3 + -100?
-31
In base 16, what is 1 + -65?
-64
In base 13, what is -b + 57?
49
In base 11, what is 0 + 6?
6
In base 11, what is -a3 - 4?
-a7
In base 6, what is -310225 + 0?
-310225
In base 4, what is -3 - 2230?
-2233
In base 13, what is -42 + 1b?
-24
In base 9, what is 23 + 30?
53
In base 10, what is -4 - 222?
-226
In base 11, what is 40 - 0?
40
In base 15, what is 1a - -6?
21
In base 2, what is 10010 - 10010?
0
In base 9, what is -1 + 14?
13
In base 5, what is -140 + -3?
-143
In base 9, what is 4 - 634?
-630
In base 8, what is 1 + 2277?
2300
In base 12, what is 4 - -1415?
1419
In base 9, what is 0 + 12?
12
In base 2, what is 100 + -11100000?
-11011100
In base 15, what is 4 + 34?
38
In base 3, what is 1000 + 211?
1211
In base 8, what is -15 + 555?
540
In base 8, what is -43 + -143?
-206
In base 5, what is 1202 + -2?
1200
In base 8, what is -247 + -2?
-251
In base 2, what is -1011 - 1?
-1100
In base 2, what is 10 - 101111010101?
-101111010011
In base 4, what is 102 + 2?
110
In base 3, what is -21 - 11021?
-11112
In base 8, what is 3 + -63?
-60
In base 4, what is 322 + -10020?
-3032
In base 12, what is -14 - 6?
-1a
In base 16, what is -4c + 2?
-4a
In base 16, what is 2d4 + 4?
2d8
In base 16, what is 1 + df?
e0
In base 12, what is -4 + 1003?
bbb
In base 10, what is -1 - -3?
2
In base 13, what is -4 - 19?
-20
In base 14, what is -1 + 1b?
1a
In base 6, what is -20554 + -3?
-21001
In base 4, what is -11213 - 10?
-11223
In base 7, what is -64 - -3?
-61
In base 9, what is 6624 - 4?
6620
In base 2, what is 1011101001 + -11?
1011100110
In base 16, what is -2a9 + 1?
-2a8
In base 2, what is -10100 + -1110?
-100010
In base 5, what is 0 - -212?
212
In base 2, what is -100111000001110 + 101?
-100111000001001
In base 16, what is 17 + -9?
e
In base 12, what is -5 + -31b?
-324
In base 4, what is 12 + -101313?
-101301
In base 3, what is 11112 + -1122?
2220
In base 16, what is 1f - -5?
24
In base 14, what is 3 - 215?
-212
In base 16, what is 1 + 85?
86
In base 15, what is 8 + -3?
5
In base 5, what is 42 - 100?
-3
In base 8, what is -1 - 53?
-54
In base 14, what is -5 - 91?
-96
In base 5, what is -240032 - 4?
-240041
In base 9, what is -3 + 34?
31
In base 4, what is 11 - -211232?
211303
In base 2, what is 101110101110 - 1?
101110101101
In base 16, what is 22 + 1e?
40
In base 15, what is 5 - -6b?
71
In base 4, what is 22302 - 1?
22301
In base 12, what is -70 + -9?
-79
In base 9, what is -1 + 71?
70
In base 8, what is -1503 + 5?
-1476
In base 10, what is -9 - -1?
-8
In base 16, what is -1b - -a?
-11
In base 8, what is 0 + 11?
11
In base 5, what is -4 - -43?
34
In base 13, what is -59 - -b?
-4b
In base 9, what is -617 + -16?
-634
In base 11, what is 5 - -1?
6
In base 14, what is 37 - -2?
39
In base 4, what is -2 - 233200?
-233202
In base 13, what is 0 - -13b?
13b
In base 8, what is -607 + -20?
-627
In base 13, what is -3 + 203?
200
In base 11, what is 10a4 - -3?
10a7
In base 11, what is -3 + 1?
-2
In base 12, what is 2 - 123?
-121
In base 5, what is 14 - -44?
113
In base 13, what is 0 + 54?
54
In base 7, what is 24 + -124?
-100
In base 14, what is -8d1 + -4?
-8d5
In base 13, what is -1 - -331?
330
In base 16, what is -3e + -1?
-3f
In base 15, what is -a4 - 0?
-a4
In base 11, what is 37 + 7?
43
In base 4, what is 10 - -220?
230
In base 16, what is -4 + -3b?
-3f
In base 2, what is 101000101110 - -1?
101000101111
In base 14, what is -812 - 0?
-812
In base 4, what is -2022 + -3?
-2031
In base 4, what is -33 + 1100?
1001
In base 2, what is 1110010 + -11?
1101111
In base 5, what is 2 + 140?
142
In base 8, what is 2 - 460?
-456
In base 15, what is 3 - -a?
d
In base 11, what is 6 + -141?
-136
In base 2, what is 10110000000 + 100?
10110000100
In base 10, what is -16 + -8?
-24
In base 10, what is 5 - 9?
-4
In base 5, what is 3 + -3124?
-3121
In base 4, what is -20 + 130110?
130030
In base 11, what is 31 - -a?
40
In base 5, what is -14 + -44?
-113
In base 15, what is -103 - 72?
-175
In base 9, what is 233 - -2?
235
In base 16, what is cfd - 0?
cfd
In base 5, what is -2 + 14231?
14224
In base 15, what is -3 + bed?
bea
In base 13, what is -31 + 5?
-29
In base 2, what is -1110 + -100011100?
-100101010
In base 5, what is 2001 - 100?
1401
In base 16, what is -4 + a?
6
In base 16, what is 5 - 10?
-b
In base 12, what is -2a04 - 3?
-2a07
In base 8, what is 1 - -24?
25
In base 6, what is -10 + 25?
15
In base 16, what is c70 + 1?
c71
In base 14, what is 11 - -21?
32
In base 2, what is -11111 + -10010?
-110001
In base 10, what is 0 + 118?
118
In base 16, what is 2f84 - -3?
2f87
In base 3, what is 122 - -11000?
11122
In base 3, what is -2112 + 12110?
2221
In base 12, what is -1 - 2?
-3
In base 16, what is -e1 - -2?
-df
In base 8, what is -151 - 4?
-155
In base 2, what is 11011001001 - -1?
11011001010
In base 14, what is 179 + 3?
17c
In base 13, what is -1c + -23?
-42
In base 16, what is 6c5 + 8?
6cd
In base 10, what is -2402 - 5?
-2407
In base 9, what is -84 + 33?
-51
In base 12, what is -4 + -8a?
-92
In base 4, what is 11 + 23312?
23323
In base 16, what is -c + 0?
-c
In base 11, what is -32 - 432?
-464
In base 7, what is -5 - -253?
245
In base 15, what is eb - -6?
102
In base 16, what is e - 61?
-53
In base 9, what is -182 + -17?
-210
In base 11, what is -9a43 - 1?
-9a44
In base 5, what is -43 - -4301?
4203
In base 5, what is 10113 + 2?
10120
In base 5, what is 4 + 33013?
33022
In base 14, what is -38 + 17?
-21
In base 8, what is 5 - 61?
-54
In base 13, what is 1 - a5?
-a4
In base 14, what is -8 - -43?
39
In base 11, what is -2 + -128?
-12a
In base 12, what is 2 - -45?
47
In base 7, what is -61 + 14?
-44
In base 8, what is 253 + -5?
246
In base 13, what is -268 - -6?
-262
In base 10, what is 512 - 2?
510
In base 2, what is 1000 - -100100100?
100101100
In base 2, what is 10110001100 - -1?
10110001101
In base 2, what is -11 + -101111110101?
-101111111000
In base 13, what is -4 + -42c?
-433
In base 3, what is 100 - -12?
112
In base 11, what is -61 + -5?
-66
In base 3, what is 100121 + -11?
100110
In base 12, what is 63 - b?
54
In base 8, what is -1315 + -7?
-1324
In base 15, what is -6a6 + -4?
-6aa
In base 2, what is 10 - 110010000?
-110001110
In base 11, what is -211 - 14?
-225
In base 9, what is -140 + 253?
113
In base 7, what is -1 + 1403?
1402
In base 10, what is -1 + -86?
-87
In base 10, what is 48 - 4?
44
In base 16, what is -4 - -1a9?
1a5
In base 6, what is -34 - -313?
235
In base 2, what is -1001010011100 + -11?
-1001010011111
In base 10, what is -6 - -31?
25
In base 8, what is 331 - 1?
330
In base 12, what is 2849 - 2?
2847
In base 10, what is 7 - -19?
26
In base 3, what is 101 - -1010?
1111
In base 14, what is -3b1 - -a?
-3a5
In base 10, what is -1445 - 3?
-1448
In base 5, what is -2344 - 43?
-2442
In base 7, what is -3 - 310?
-313
In base 6, what is -10531 - -5?
-10522
In base 12, what is -3 - 180?
-183
In base 3, what is -2121112 - 12?
-2121201
In base 5, what is -4 - 3033?
-3042
In base 8, what is 260 - 2?
256
In base 8, what is 4 - -10025?
10031
In base 7, what is -31405 + 1?
-31404
In base 2, what is -1000 + -111?
-1111
In base 9, what is 1058 - 3?
1055
In base 15, what is 19 + 1e?
38
In base 15, what is -2 + 15?
13
In base 3, what is 2 - 1012121?
-1012112
In base 7, what is 6 - 123?
-114
In base 4, what is -12 + 120110?
120032
In base 11, what is 339 - 0?
339
In base 13, what is 8 - -63?
6b
In base 8, what is -72073 - 1?
-72074
In base 12, what is -464